o) = w*i(o) + 5*a(o). Determine k(-2).
-5
Let m(k) = 2*k**2 - 8*k + 3. Let z = -9 - -14. Let w = 0 + z. What is m(w)?
13
Let f(b) be the third derivative of -b**5/60 + b**4/12 + 14*b**2. Calculate f(5).
-15
Let q(o) be the second derivative of -o**4/12 - 7*o**3/6 - 5*o**2/2 - o. Let g be q(-6). Let v(a) = -2*a - 1. Calculate v(g).
-3
Let n be 7 + -5 - (5 + 2). Suppose 3*s - 11 = -5*j, -5*s - 2*j + 9 = -3. Let b(r) = -2*r**2 - 2 - 1 - 6*r + r**s. Determine b(n).
2
Let k(j) = -j**2 + 1. Let s(f) = -f**2 - f + 2. Let c(h) = 5*k(h) - 4*s(h). Let a be (-16)/(-9) - (-8)/36. Suppose -a*y = y - 9. What is c(y)?
0
Suppose -2*u + 15 = -5*p, p - 4*u = -3*u - 3. Let t(w) = -2*w**2 - 3*w - 2. What is t(p)?
-11
Let c(t) = 2*t - 2. Let q(z) = 5*z - 5. Let s(u) = -8*c(u) + 3*q(u). Let r(n) = 2*n**3 + 4*n**2 + 3*n. Let p be r(-2). Give s(p).
7
Let x(t) = t**3 + 5*t**2 - 3*t + 2. Let i = 6 + -12. Determine x(i).
-16
Let a(p) = 6*p**3 - 5*p**2 - 5. Let f(x) = 5*x**3 - 5*x**2 + x - 5. Let z(q) = -4*a(q) + 5*f(q). Let y be z(4). Let n(t) = -9*t**3 + t + 1. Give n(y).
9
Suppose 0 = -3*f + 5*f. Suppose 0 = 3*h - 18 - f. Let k(q) = 2 + h*q + 7*q - 3 - 3*q. Calculate k(1).
9
Let t(h) = h**2 + 6*h + 5. Let v = -30 - -24. Determine t(v).
5
Let y(l) = l**2 + 3*l + 2. Let i(r) = 2*r + 2. Let t(d) = 5*i(d) - 4*y(d). Calculate t(2).
-18
Let u(m) be the second derivative of -1/20*m**5 - 5/2*m**2 + 10*m - m**3 - 5/12*m**4 + 0. Determine u(-4).
3
Let u(r) be the second derivative of -r + 1/6*r**3 + 0 - 1/12*r**4 + 1/2*r**2. Suppose 0*d - 20 = 5*q - 2*d, 3*d - 23 = 4*q. Calculate u(q).
-5
Suppose -2*j = -3*j. Let v(w) = -w**2 + 8. Determine v(j).
8
Let f = 30 - 34. Let h(v) be the second derivative of -1/2*v**3 - 1/12*v**4 + 0 - v - 3/2*v**2. What is h(f)?
-7
Let z(j) = -j. Let m(k) = k**2 + 3*k + 2. Let b be m(-3). Suppose 1 - 7 = b*r. Calculate z(r).
3
Let u(v) = 6 - 1 + 0 + 3*v. Let m be (-69)/(-12) + (-1)/(-4). Let f be (6/(-4))/(m/16). Calculate u(f).
-7
Let t(j) = 3*j**2 + j - 1. Let p(r) = -r**3 - 6*r**2 + r + 7. Let q be p(-6). Determine t(q).
3
Let u(c) = -c**2 - 4*c. Let m(s) = s**2 + 3*s - 1. Let y(j) = -5*m(j) - 6*u(j). Calculate y(-8).
-3
Suppose -4*s - 12 = 2*q, -q - 5*s - 8 + 2 = 0. Let x(y) be the first derivative of y**3/3 + 3*y**2 - 2*y + 4. Give x(q).
-2
Let l(h) = 6*h - 1. Let t be 16/104 - 74/(-26). Let f = 5 - t. What is l(f)?
11
Let m(a) = -a**2 + 2*a + 1. Let r(q) = -4*q**2 + 4*q + 6. Let x(o) = 5*o**2 - 5*o - 7. Let j(s) = -6*r(s) - 5*x(s). Let i(t) = j(t) + m(t). What is i(2)?
-2
Let b(x) = -x + 8. Let u be (6/7)/((-11)/(-77)). Give b(u).
2
Let d be (19 + 9)*3/12. Let f(w) = 3 + 2*w**3 + 11*w**2 + 7*w**2 + 2*w**3 - 22*w. Let j(i) = -i**3 - 6*i**2 + 7*i - 1. Let g(t) = d*j(t) + 2*f(t). What is g(5)?
-1
Let s(x) = -7*x**3 + 2*x**2 - x. Let r(o) = -2*o**3 - 8 + 6*o - 7*o**2 + 3*o**3 + 2*o. Let a be r(6). Suppose -a*n + 7 - 3 = 0. Calculate s(n).
-6
Let s(x) = -x**2 + x + 4. Let o be s(3). Suppose -3*c + 1 = 4*b - 19, -2*c - 5 = -b. Let l(m) = c + m + 2 - 1. Give l(o).
-1
Let t(w) = -9*w + 6. Let f(j) be the third derivative of j**4/24 - 2*j**3 - j**2. Let l be f(5). Let m(o) = -8*o + 5. Let y(z) = l*m(z) + 6*t(z). Give y(1).
3
Let h(k) = 4*k - 1. Suppose -3*f + q + 3*q - 5 = 0, 2*f + 5*q = 12. Determine h(f).
3
Suppose r = -r + t - 21, -2*t = -10. Let w(o) = o + 2. Calculate w(r).
-6
Let r(h) = -h**3 - 11*h**2 + 11*h - 15. Suppose 2*a = 0, -3*d - 36 = -3*a + a. Calculate r(d).
-3
Let r(t) = -t**3 + 7*t**2 + t - 8. Let p be 3 - (-1 - -2)*-4. Let h be r(p). Let s(i) = -7*i + 1. What is s(h)?
8
Let s(o) be the second derivative of -o**3/3 - 2*o**2 + 4*o. Let n(u) = -2*u + 6. Let k be n(5). What is s(k)?
4
Let u(l) = -l**2 + 3*l - 4. Let d(c) = -3*c - 2. Let j = 0 + -4. Let g be d(j). Let f = g - 6. Calculate u(f).
-8
Let s(k) = -5*k - 2. Let f(h) = -8*h - 13. Let c(y) = -15*y - 27. Let o(n) = 6*c(n) - 13*f(n). Let p(l) = 2*o(l) + 7*s(l). Calculate p(1).
-7
Let f be ((-2)/(-4) + -1)/1*0. Let t(b) = b - 4. Calculate t(f).
-4
Let r(u) = -5 - u**2 + 6*u + 5. Let a be r(6). Let o(j) = j - 6. Determine o(a).
-6
Let v = -6 + 2. Let r = -7 - v. Let k(i) = -6*i**2 + 2*i - 1. Let l(a) = 7*a**2 - 3*a + 1. Let p(b) = -6*k(b) - 5*l(b). What is p(r)?
1
Let f(b) be the third derivative of -b**5/60 + b**4/24 + b**3/6 + 11*b**2. What is f(0)?
1
Let v(r) = -9*r + 11 - 5 - 4 - 1. Let p(i) = 4*i**3 - 2*i**2 + i - 7. Let a(j) = -j**3 - j + 1. Let o(q) = -3*a(q) - p(q). Let u be o(3). Determine v(u).
-8
Let o(u) = u**2 - 4*u + 4. Suppose 2*k + 4*w - w - 7 = 0, k = -3*w + 5. Suppose -s + 1 + k = 0. Give o(s).
1
Let y(f) = f**2 - 6*f + 4. Let l be 4/6*6 + 1. Calculate y(l).
-1
Let b(v) = 8*v + 1. Let c(s) = 4*s + 1. Let n(p) = 6*b(p) - 10*c(p). Let x(k) = -8*k + 5. Let w(f) = -6*n(f) - 5*x(f). Calculate w(-1).
7
Let x(w) be the second derivative of 1/6*w**3 + w + 2*w**2 + 0. Give x(-3).
1
Suppose -58*r = -57*r + 2. Let f(n) = -2*n - 2. What is f(r)?
2
Let j(i) be the second derivative of -i**6/360 - i**5/20 - i**4/8 + i**3/6 - 3*i. Let o(v) be the second derivative of j(v). Determine o(-6).
-3
Let y = 706 + -702. Let f(j) = j. Let s be f(-2). Let t(d) = -d**2 + d - 1. Let c(m) = -3*m**2 + 4*m. Let a(u) = s*t(u) + c(u). Determine a(y).
-6
Let q(i) be the first derivative of -i**6/120 + i**5/20 + 5*i**4/24 - i**2 - 6. Let f(l) be the second derivative of q(l). Give f(4).
4
Let w(r) = 25*r - 48*r + 22*r + 4. Give w(7).
-3
Let b(w) be the second derivative of 0 + 0*w**2 + 1/120*w**5 + 1/24*w**4 - w - 1/3*w**3. Let g(z) be the second derivative of b(z). What is g(-6)?
-5
Let p(s) = 5*s - 38. Let u be (12*1)/((-21)/(-14)). Let f(o) = 3*o - 25. Let r(a) = u*f(a) - 5*p(a). What is r(-7)?
-3
Let o be 1 - (8 + -1 + 0). Let z(n) = -n**2 - 6*n. What is z(o)?
0
Let n(h) be the third derivative of h**5/60 - 21*h**2. Give n(2).
4
Let f(m) = 6 - m - 11 + 6 + 3. Give f(3).
1
Suppose 3*w - 19 - 17 = 0. Let f = w - 7. Let u(z) = 4*z**2 - 2*z - f - 3*z**2 + 3. Give u(3).
1
Let t be (-20)/6*(-12)/(-10). Let p(s) = -s**3 - 4*s**2 + s - 3. Give p(t).
-7
Let h(p) = -p + 2. Suppose -3*z + z = 0. Give h(z).
2
Let x(i) = -i**2 - 5*i - 4. Let y = 3 + -1. Suppose 0 = q + 5 - y. What is x(q)?
2
Let v = 1 + 1. Let n(u) = -2*u**3 + 10*u**2 - 3*u + 1. Let o(d) = d**3 - 5*d**2 + 2*d - 1. Let f(j) = 2*n(j) + 5*o(j). Give f(v).
-7
Let n(d) be the second derivative of -d**5/20 + 7*d**4/12 + 4*d**3/3 + 9*d**2/2 + 6*d. Calculate n(8).
9
Suppose -9*l + 7*l = 0. Let t(w) = w**2 - w + 1. Let o be t(l). Let y(u) = -5*u**3 + 1. Calculate y(o).
-4
Let j(z) be the first derivative of z**4/4 - 7*z**3/3 + 5*z**2/2 + z + 3. Let r = -1 + 7. Give j(r).
-5
Let o(x) = -x - 6 - 2 + 1 + x**2 + 5. Calculate o(4).
10
Let i = -48 + 42. Let q(h) = h**3 + 5*h**2 - 8*h - 6. Determine q(i).
6
Let m(f) = -4*f**2 - 2*f. Let k be m(-1). Let g(a) = -a + 2. Give g(k).
4
Suppose 2*q = 5*q - 18. Let m(d) = 10. Let w(b) = b + 11. Let f(j) = -3*m(j) + 2*w(j). What is f(q)?
4
Let h be (-6)/21 - (-11)/14. Let s(k) be the second derivative of 1/6*k**3 + 0 + 2*k + h*k**2. Calculate s(5).
6
Let o(r) = r**2 - 7. Let d(g) = -g**2 + 8. Let z(m) = 5*d(m) + 6*o(m). Calculate z(2).
2
Let k(z) = -z**3 - z. Let r(y) = 5*y**3 - 6*y**2 + 8*y + 2. Let s(u) = -4*k(u) - r(u). Let b = 3 + -1. Let i = 3 + b. Calculate s(i).
3
Let f be 4/(-6) - 22/(-6). Let p(l) = l + 5 + 0*l - f. Determine p(3).
5
Let u(c) = c**2 - 8*c + 1. Let g be u(8). Let v(o) be the third derivative of -o**4/24 - o**2. Calculate v(g).
-1
Let h(w) = -w**2 - 2*w + 3. Let f be ((-2)/4)/((-9)/36). Suppose r + 2 = f*r. Suppose r*n + 5 = n. What is h(n)?
-12
Let z(a) be the first derivative of a**2 - 8*a - 4. Determine z(6).
4
Let m(w) be the second derivative of w**5/120 + w**3/6 + 3*w. Let i(r) be the second derivative of m(r). What is i(0)?
0
Let j(m) be the second derivative of -m**6/24 + m**5/60 + m**4/24 - 3*m**2/2 - 5*m. Let f(b) be the first derivative of j(b). Give f(-1).
5
Let w(u) = -u**3 - 3*u**2 + 3*u + 3. Let t(n) be the second derivative of 3*n**5/20 + n**4/12 + 3*n. Let b be t(-1). Determine w(b).
-7
Let r be -1 - (-2)/(-2)*-2. Suppose -d + 0 + 2 = 0. Let v(l) = -4 + 3 + 2*l + l**2 - 2*l**d. Give v(r).
0
Let f = 41 - 27. Let w(i) = -4*i + 3*i - 1 + f*i**2 - 6*i**2. What is w(-1)?
8
Le